{"id":7260,"date":"2025-05-29T08:11:07","date_gmt":"2025-05-29T06:11:07","guid":{"rendered":"https:\/\/afomuc.com\/?page_id=7260"},"modified":"2025-11-25T12:35:53","modified_gmt":"2025-11-25T11:35:53","slug":"adrian-pacetti","status":"publish","type":"page","link":"https:\/\/afomuc.com\/en\/adrian-pacetti\/","title":{"rendered":"Adri\u00e1n Pacetti"},"content":{"rendered":"<div class=\"wp-block-media-text alignwide is-stacked-on-mobile is-vertically-aligned-top\" style=\"grid-template-columns:36% auto\"><figure class=\"wp-block-media-text__media\"><img data-recalc-dims=\"1\" loading=\"lazy\" decoding=\"async\" width=\"683\" height=\"1024\" data-attachment-id=\"7261\" data-permalink=\"https:\/\/afomuc.com\/en\/adrian-pacetti\/whatsapp-image-2025-05-28-at-18-09-21\/\" data-orig-file=\"https:\/\/i0.wp.com\/afomuc.com\/wp-content\/uploads\/2025\/05\/WhatsApp-Image-2025-05-28-at-18.09.21.jpeg?fit=1365%2C2048&amp;ssl=1\" data-orig-size=\"1365,2048\" data-comments-opened=\"1\" data-image-meta=\"{&quot;aperture&quot;:&quot;0&quot;,&quot;credit&quot;:&quot;&quot;,&quot;camera&quot;:&quot;&quot;,&quot;caption&quot;:&quot;&quot;,&quot;created_timestamp&quot;:&quot;0&quot;,&quot;copyright&quot;:&quot;&quot;,&quot;focal_length&quot;:&quot;0&quot;,&quot;iso&quot;:&quot;0&quot;,&quot;shutter_speed&quot;:&quot;0&quot;,&quot;title&quot;:&quot;&quot;,&quot;orientation&quot;:&quot;0&quot;}\" data-image-title=\"WhatsApp Image 2025-05-28 at 18.09.21\" data-image-description=\"\" data-image-caption=\"\" data-large-file=\"https:\/\/i0.wp.com\/afomuc.com\/wp-content\/uploads\/2025\/05\/WhatsApp-Image-2025-05-28-at-18.09.21.jpeg?fit=683%2C1024&amp;ssl=1\" src=\"https:\/\/i0.wp.com\/afomuc.com\/wp-content\/uploads\/2025\/05\/WhatsApp-Image-2025-05-28-at-18.09.21.jpeg?resize=683%2C1024&#038;ssl=1\" alt=\"\" class=\"wp-image-7261 size-full\" srcset=\"https:\/\/i0.wp.com\/afomuc.com\/wp-content\/uploads\/2025\/05\/WhatsApp-Image-2025-05-28-at-18.09.21.jpeg?resize=683%2C1024&amp;ssl=1 683w, https:\/\/i0.wp.com\/afomuc.com\/wp-content\/uploads\/2025\/05\/WhatsApp-Image-2025-05-28-at-18.09.21.jpeg?resize=200%2C300&amp;ssl=1 200w, https:\/\/i0.wp.com\/afomuc.com\/wp-content\/uploads\/2025\/05\/WhatsApp-Image-2025-05-28-at-18.09.21.jpeg?resize=768%2C1152&amp;ssl=1 768w, https:\/\/i0.wp.com\/afomuc.com\/wp-content\/uploads\/2025\/05\/WhatsApp-Image-2025-05-28-at-18.09.21.jpeg?resize=1024%2C1536&amp;ssl=1 1024w, https:\/\/i0.wp.com\/afomuc.com\/wp-content\/uploads\/2025\/05\/WhatsApp-Image-2025-05-28-at-18.09.21.jpeg?resize=1200%2C1800&amp;ssl=1 1200w, https:\/\/i0.wp.com\/afomuc.com\/wp-content\/uploads\/2025\/05\/WhatsApp-Image-2025-05-28-at-18.09.21.jpeg?resize=1320%2C1980&amp;ssl=1 1320w, https:\/\/i0.wp.com\/afomuc.com\/wp-content\/uploads\/2025\/05\/WhatsApp-Image-2025-05-28-at-18.09.21.jpeg?resize=600%2C900&amp;ssl=1 600w, https:\/\/i0.wp.com\/afomuc.com\/wp-content\/uploads\/2025\/05\/WhatsApp-Image-2025-05-28-at-18.09.21.jpeg?w=1365&amp;ssl=1 1365w\" sizes=\"auto, (max-width: 683px) 100vw, 683px\" \/><\/figure><div class=\"wp-block-media-text__content\">\n<p class=\"has-text-align-justify has-medium-font-size wp-block-paragraph\">Adri\u00e1n Pacetti Olaya nace en 2009 en Alicante. A los cinco a\u00f1os comienza sus estudios de viol\u00edn y dos a\u00f1os despu\u00e9s ingresa en el Conservatorio Rafael Rodr\u00edguez Albert de Muchamiel (Alicante), donde estudia con la profesora M\u00aa Asunci\u00f3n P\u00e9rez. Paralelamente recibe clases de Cristina Caselles. A los quince a\u00f1os finaliza el Grado Profesional obteniendo la distinci\u00f3n de Premio Extraordinario. Desde 2022 estudia viol\u00edn bajo la tutela del profesor Savva Fatkulin y forma parte del proyecto FIVA (Fatkulin International Violin Academy).<br>En cuanto a su actividad orquestal, es miembro de la Orquesta de J\u00f3venes de la<br>Provincia de Alicante (OJPA) desde 2018. Con esta formaci\u00f3n y con el Ensemble de la Mediterr\u00e1nea, ambas bajo la direcci\u00f3n de Francisco Maestre, participa en cuatro ediciones del Summa Cum Laude International Youth Music Festival de Viena, obteniendo diversos premios en la categor\u00eda de Orquestas Sinf\u00f3nicas. Con estas agrupaciones act\u00faa en la Sala Dorada del Musikverein, en el Konzerthaus y en la Sala MuTh de Viena, as\u00ed como en el Smetana Hall de Praga. En julio de 2025 hace su debut como concertino en el Mozarteum de Salzburgo.<br>Es galardonado en el Kamerton-Soloist International Violin Competition (2025) y en varias ediciones del Premio Rafael Rodr\u00edguez Albert, tanto como solista como en agrupaciones de m\u00fasica de c\u00e1mara. En 2024 recibe una beca de la Fundaci\u00f3n Alb\u00e9niz para participar en el programa J\u00f3venes Artistas de la Escuela Superior de M\u00fasica Reina Sof\u00eda. Ha asistido a masterclasses y recibido consejos de Sergey Fatkulin, Rolanda Ginkute, Elina Sitnikava y Claudio Forcada, entre otros.<\/p>\n\n\n\n<p class=\"has-text-align-justify has-medium-font-size wp-block-paragraph\"><\/p>\n\n\n\n<ul class=\"wp-block-social-links is-layout-flex wp-block-social-links-is-layout-flex\"><li class=\"wp-social-link wp-social-link-youtube wp-block-social-link\"><a href=\"https:\/\/www.youtube.com\/playlist?list=PLYtN2yC6_JxVmlsaARN85Wnl0BNDNO2N1\" class=\"wp-block-social-link-anchor\"><svg width=\"24\" height=\"24\" viewbox=\"0 0 24 24\" version=\"1.1\" xmlns=\"http:\/\/www.w3.org\/2000\/svg\" aria-hidden=\"true\" focusable=\"false\"><path d=\"M21.8,8.001c0,0-0.195-1.378-0.795-1.985c-0.76-0.797-1.613-0.801-2.004-0.847c-2.799-0.202-6.997-0.202-6.997-0.202 h-0.009c0,0-4.198,0-6.997,0.202C4.608,5.216,3.756,5.22,2.995,6.016C2.395,6.623,2.2,8.001,2.2,8.001S2,9.62,2,11.238v1.517 c0,1.618,0.2,3.237,0.2,3.237s0.195,1.378,0.795,1.985c0.761,0.797,1.76,0.771,2.205,0.855c1.6,0.153,6.8,0.201,6.8,0.201 s4.203-0.006,7.001-0.209c0.391-0.047,1.243-0.051,2.004-0.847c0.6-0.607,0.795-1.985,0.795-1.985s0.2-1.618,0.2-3.237v-1.517 C22,9.62,21.8,8.001,21.8,8.001z M9.935,14.594l-0.001-5.62l5.404,2.82L9.935,14.594z\"><\/path><\/svg><span class=\"wp-block-social-link-label screen-reader-text\">YouTube<\/span><\/a><\/li><\/ul>\n<\/div><\/div>","protected":false},"excerpt":{"rendered":"","protected":false},"author":244611430,"featured_media":0,"parent":0,"menu_order":0,"comment_status":"closed","ping_status":"closed","template":"","meta":{"advanced_seo_description":"","jetpack_seo_html_title":"","jetpack_seo_noindex":false,"jetpack_seo_schema_type":"","_wpcom_ai_launchpad_about_page":false,"_wpcom_ai_launchpad_gallery_page":false,"_wpcom_ai_launchpad_contact_page":false,"_wpcom_ai_launchpad_events_page":false,"_wpcom_ai_launchpad_video_page":false,"_wpcom_ai_launchpad_portfolio_piece":false,"footnotes":""},"class_list":["post-7260","page","type-page","status-publish","hentry"],"jetpack_likes_enabled":true,"jetpack_sharing_enabled":true,"jetpack_shortlink":"https:\/\/wp.me\/PfoX7P-1T6","jetpack-related-posts":[],"post_mailing_queue_ids":[],"_links":{"self":[{"href":"https:\/\/afomuc.com\/en\/wp-json\/wp\/v2\/pages\/7260","targetHints":{"allow":["GET"]}}],"collection":[{"href":"https:\/\/afomuc.com\/en\/wp-json\/wp\/v2\/pages"}],"about":[{"href":"https:\/\/afomuc.com\/en\/wp-json\/wp\/v2\/types\/page"}],"author":[{"embeddable":true,"href":"https:\/\/afomuc.com\/en\/wp-json\/wp\/v2\/users\/244611430"}],"replies":[{"embeddable":true,"href":"https:\/\/afomuc.com\/en\/wp-json\/wp\/v2\/comments?post=7260"}],"version-history":[{"count":5,"href":"https:\/\/afomuc.com\/en\/wp-json\/wp\/v2\/pages\/7260\/revisions"}],"predecessor-version":[{"id":10732,"href":"https:\/\/afomuc.com\/en\/wp-json\/wp\/v2\/pages\/7260\/revisions\/10732"}],"wp:attachment":[{"href":"https:\/\/afomuc.com\/en\/wp-json\/wp\/v2\/media?parent=7260"}],"curies":[{"name":"wp","href":"https:\/\/api.w.org\/{rel}","templated":true}]}}

Adrián Pacetti

<div class="wp-block-media-text alignwide is-stacked-on-mobile is-vertically-aligned-top" style="grid-template-columns:36% auto"><figure class="wp-block-media-text__media"><img data-recalc-dims="1" loading="lazy" decoding="async" width="683" height="1024" data-attachment-id="7261" data-permalink="https://afomuc.com/en/adrian-pacetti/whatsapp-image-2025-05-28-at-18-09-21/" data-orig-file="https://i0.wp.com/afomuc.com/wp-content/uploads/2025/05/WhatsApp-Image-2025-05-28-at-18.09.21.jpeg?fit=1365%2C2048&amp;ssl=1" data-orig-size="1365,2048" data-comments-opened="1" data-image-meta="{&quot;aperture&quot;:&quot;0&quot;,&quot;credit&quot;:&quot;&quot;,&quot;camera&quot;:&quot;&quot;,&quot;caption&quot;:&quot;&quot;,&quot;created_timestamp&quot;:&quot;0&quot;,&quot;copyright&quot;:&quot;&quot;,&quot;focal_length&quot;:&quot;0&quot;,&quot;iso&quot;:&quot;0&quot;,&quot;shutter_speed&quot;:&quot;0&quot;,&quot;title&quot;:&quot;&quot;,&quot;orientation&quot;:&quot;0&quot;}" data-image-title="WhatsApp Image 2025-05-28 at 18.09.21" data-image-description="" data-image-caption="" data-large-file="https://i0.wp.com/afomuc.com/wp-content/uploads/2025/05/WhatsApp-Image-2025-05-28-at-18.09.21.jpeg?fit=683%2C1024&amp;ssl=1" src="https://i0.wp.com/afomuc.com/wp-content/uploads/2025/05/WhatsApp-Image-2025-05-28-at-18.09.21.jpeg?resize=683%2C1024&#038;ssl=1" alt="" class="wp-image-7261 size-full" srcset="https://i0.wp.com/afomuc.com/wp-content/uploads/2025/05/WhatsApp-Image-2025-05-28-at-18.09.21.jpeg?resize=683%2C1024&amp;ssl=1 683w, https://i0.wp.com/afomuc.com/wp-content/uploads/2025/05/WhatsApp-Image-2025-05-28-at-18.09.21.jpeg?resize=200%2C300&amp;ssl=1 200w, https://i0.wp.com/afomuc.com/wp-content/uploads/2025/05/WhatsApp-Image-2025-05-28-at-18.09.21.jpeg?resize=768%2C1152&amp;ssl=1 768w, https://i0.wp.com/afomuc.com/wp-content/uploads/2025/05/WhatsApp-Image-2025-05-28-at-18.09.21.jpeg?resize=1024%2C1536&amp;ssl=1 1024w, https://i0.wp.com/afomuc.com/wp-content/uploads/2025/05/WhatsApp-Image-2025-05-28-at-18.09.21.jpeg?resize=1200%2C1800&amp;ssl=1 1200w, https://i0.wp.com/afomuc.com/wp-content/uploads/2025/05/WhatsApp-Image-2025-05-28-at-18.09.21.jpeg?resize=1320%2C1980&amp;ssl=1 1320w, https://i0.wp.com/afomuc.com/wp-content/uploads/2025/05/WhatsApp-Image-2025-05-28-at-18.09.21.jpeg?resize=600%2C900&amp;ssl=1 600w, https://i0.wp.com/afomuc.com/wp-content/uploads/2025/05/WhatsApp-Image-2025-05-28-at-18.09.21.jpeg?w=1365&amp;ssl=1 1365w" sizes="auto, (max-width: 683px) 100vw, 683px" /></figure><div class="wp-block-media-text__content">
<p class="has-text-align-justify has-medium-font-size wp-block-paragraph">Adrián Pacetti Olaya nace en 2009 en Alicante. A los cinco años comienza sus estudios de violín y dos años después ingresa en el Conservatorio Rafael Rodríguez Albert de Muchamiel (Alicante), donde estudia con la profesora Mª Asunción Pérez. Paralelamente recibe clases de Cristina Caselles. A los quince años finaliza el Grado Profesional obteniendo la distinción de Premio Extraordinario. Desde 2022 estudia violín bajo la tutela del profesor Savva Fatkulin y forma parte del proyecto FIVA (Fatkulin International Violin Academy).<br>En cuanto a su actividad orquestal, es miembro de la Orquesta de Jóvenes de la<br>Provincia de Alicante (OJPA) desde 2018. Con esta formación y con el Ensemble de la Mediterránea, ambas bajo la dirección de Francisco Maestre, participa en cuatro ediciones del Summa Cum Laude International Youth Music Festival de Viena, obteniendo diversos premios en la categoría de Orquestas Sinfónicas. Con estas agrupaciones actúa en la Sala Dorada del Musikverein, en el Konzerthaus y en la Sala MuTh de Viena, así como en el Smetana Hall de Praga. En julio de 2025 hace su debut como concertino en el Mozarteum de Salzburgo.<br>Es galardonado en el Kamerton-Soloist International Violin Competition (2025) y en varias ediciones del Premio Rafael Rodríguez Albert, tanto como solista como en agrupaciones de música de cámara. En 2024 recibe una beca de la Fundación Albéniz para participar en el programa Jóvenes Artistas de la Escuela Superior de Música Reina Sofía. Ha asistido a masterclasses y recibido consejos de Sergey Fatkulin, Rolanda Ginkute, Elina Sitnikava y Claudio Forcada, entre otros.</p>



<p class="has-text-align-justify has-medium-font-size wp-block-paragraph"></p>



<ul class="wp-block-social-links is-layout-flex wp-block-social-links-is-layout-flex"><li class="wp-social-link wp-social-link-youtube wp-block-social-link"><a href="https://www.youtube.com/playlist?list=PLYtN2yC6_JxVmlsaARN85Wnl0BNDNO2N1" class="wp-block-social-link-anchor"><svg width="24" height="24" viewbox="0 0 24 24" version="1.1" xmlns="http://www.w3.org/2000/svg" aria-hidden="true" focusable="false"><path d="M21.8,8.001c0,0-0.195-1.378-0.795-1.985c-0.76-0.797-1.613-0.801-2.004-0.847c-2.799-0.202-6.997-0.202-6.997-0.202 h-0.009c0,0-4.198,0-6.997,0.202C4.608,5.216,3.756,5.22,2.995,6.016C2.395,6.623,2.2,8.001,2.2,8.001S2,9.62,2,11.238v1.517 c0,1.618,0.2,3.237,0.2,3.237s0.195,1.378,0.795,1.985c0.761,0.797,1.76,0.771,2.205,0.855c1.6,0.153,6.8,0.201,6.8,0.201 s4.203-0.006,7.001-0.209c0.391-0.047,1.243-0.051,2.004-0.847c0.6-0.607,0.795-1.985,0.795-1.985s0.2-1.618,0.2-3.237v-1.517 C22,9.62,21.8,8.001,21.8,8.001z M9.935,14.594l-0.001-5.62l5.404,2.82L9.935,14.594z"></path></svg><span class="wp-block-social-link-label screen-reader-text">YouTube</span></a></li></ul>
</div></div>
