{"id":10701,"date":"2025-11-24T07:36:17","date_gmt":"2025-11-24T06:36:17","guid":{"rendered":"https:\/\/afomuc.com\/?page_id=10701"},"modified":"2025-11-24T08:16:37","modified_gmt":"2025-11-24T07:16:37","slug":"liliana-mishakova","status":"publish","type":"page","link":"https:\/\/afomuc.com\/en\/liliana-mishakova\/","title":{"rendered":"Liliana Mishakova"},"content":{"rendered":"<div class=\"wp-block-media-text alignwide is-stacked-on-mobile is-vertically-aligned-top\" style=\"grid-template-columns:32% auto\"><figure class=\"wp-block-media-text__media\"><img data-recalc-dims=\"1\" loading=\"lazy\" decoding=\"async\" width=\"682\" height=\"1024\" data-attachment-id=\"10705\" data-permalink=\"https:\/\/afomuc.com\/en\/liliana-mishakova\/whatsapp-image-2025-11-23-at-19-03-14-1\/\" data-orig-file=\"https:\/\/i0.wp.com\/afomuc.com\/wp-content\/uploads\/2025\/11\/WhatsApp-Image-2025-11-23-at-19.03.14-1.jpeg?fit=1066%2C1600&amp;ssl=1\" data-orig-size=\"1066,1600\" data-comments-opened=\"1\" data-image-meta=\"{&quot;aperture&quot;:&quot;0&quot;,&quot;credit&quot;:&quot;&quot;,&quot;camera&quot;:&quot;&quot;,&quot;caption&quot;:&quot;&quot;,&quot;created_timestamp&quot;:&quot;0&quot;,&quot;copyright&quot;:&quot;&quot;,&quot;focal_length&quot;:&quot;0&quot;,&quot;iso&quot;:&quot;0&quot;,&quot;shutter_speed&quot;:&quot;0&quot;,&quot;title&quot;:&quot;&quot;,&quot;orientation&quot;:&quot;0&quot;}\" data-image-title=\"WhatsApp Image 2025-11-23 at 19.03.14 (1)\" data-image-description=\"\" data-image-caption=\"\" data-large-file=\"https:\/\/i0.wp.com\/afomuc.com\/wp-content\/uploads\/2025\/11\/WhatsApp-Image-2025-11-23-at-19.03.14-1.jpeg?fit=682%2C1024&amp;ssl=1\" src=\"https:\/\/i0.wp.com\/afomuc.com\/wp-content\/uploads\/2025\/11\/WhatsApp-Image-2025-11-23-at-19.03.14-1.jpeg?resize=682%2C1024&#038;ssl=1\" alt=\"\" class=\"wp-image-10705 size-full\" srcset=\"https:\/\/i0.wp.com\/afomuc.com\/wp-content\/uploads\/2025\/11\/WhatsApp-Image-2025-11-23-at-19.03.14-1.jpeg?resize=682%2C1024&amp;ssl=1 682w, https:\/\/i0.wp.com\/afomuc.com\/wp-content\/uploads\/2025\/11\/WhatsApp-Image-2025-11-23-at-19.03.14-1.jpeg?resize=200%2C300&amp;ssl=1 200w, https:\/\/i0.wp.com\/afomuc.com\/wp-content\/uploads\/2025\/11\/WhatsApp-Image-2025-11-23-at-19.03.14-1.jpeg?resize=768%2C1153&amp;ssl=1 768w, https:\/\/i0.wp.com\/afomuc.com\/wp-content\/uploads\/2025\/11\/WhatsApp-Image-2025-11-23-at-19.03.14-1.jpeg?resize=1023%2C1536&amp;ssl=1 1023w, https:\/\/i0.wp.com\/afomuc.com\/wp-content\/uploads\/2025\/11\/WhatsApp-Image-2025-11-23-at-19.03.14-1.jpeg?resize=600%2C901&amp;ssl=1 600w, https:\/\/i0.wp.com\/afomuc.com\/wp-content\/uploads\/2025\/11\/WhatsApp-Image-2025-11-23-at-19.03.14-1.jpeg?w=1066&amp;ssl=1 1066w\" sizes=\"auto, (max-width: 682px) 100vw, 682px\" \/><\/figure><div class=\"wp-block-media-text__content\">\n<p class=\"has-text-align-justify has-medium-font-size wp-block-paragraph\">Naci\u00f3 el 6 de marzo de 2009 en la ciudad de Odessa, Ucrania, en una familia de m\u00fasicos profesionales, artistas y profesores. Desde muy temprana edad, mostr\u00f3 un gran inter\u00e9s por el viol\u00edn y comenz\u00f3 su formaci\u00f3n musical a los 4 a\u00f1os. A los 6 a\u00f1os, se matricul\u00f3 en la reconocida escuela del profesor P. Stolyarsky, donde estudi\u00f3 de especialidad- viol\u00edn. Durante su formaci\u00f3n, tuvo la oportunidad de asistir a diversos masterclasses con destacados violinistas como Bron Zakhar, etc. A la edad de 9 a\u00f1os, Liliana continu\u00f3 su educaci\u00f3n en el Conservatorio de Alicante, Espa\u00f1a.<br>Su dedicaci\u00f3n y talento la llevaron a convertirse en una destacada violinista, obteniendo en m\u00faltiples ocasiones los primeros y segundos premios en concursos internacionales de instrumentistas.<\/p>\n\n\n\n<p class=\"has-text-align-justify has-medium-font-size wp-block-paragraph\">Desde los 9 a\u00f1os, Liliana empez\u00f3 a interpretar en violines primeros de la orquesta OJPA Alicante, bajo la direcci\u00f3n de Francisco Maestre. Ella toc\u00f3 en grandes salas de Viena y Salzburgo, tales como la Sala Dorada de Musikverein, Konzerthaus, Muth y Mozarteum. En el a\u00f1o 2025 tuvo la oportunidad de interpretar como concertino en la plaza de ayuntamiento de Viena.<\/p>\n\n\n\n<p class=\"has-text-align-justify has-medium-font-size wp-block-paragraph\">Su pasi\u00f3n por la m\u00fasica y su compromiso con el viol\u00edn la han llevado a alcanzar logros significativos en su carrera musical.<\/p>\n<\/div><\/div>","protected":false},"excerpt":{"rendered":"<p>Naci\u00f3 el 6 de marzo de 2009 en la ciudad de Odessa, Ucrania, en una familia de m\u00fasicos profesionales, artistas y profesores. Desde muy temprana edad, mostr\u00f3 un gran inter\u00e9s por el viol\u00edn y comenz\u00f3 su formaci\u00f3n musical a los 4 a\u00f1os. A los 6 a\u00f1os, se matricul\u00f3 en la reconocida escuela del profesor P. [&hellip;]<\/p>\n","protected":false},"author":244611430,"featured_media":0,"parent":0,"menu_order":0,"comment_status":"closed","ping_status":"closed","template":"","meta":{"advanced_seo_description":"","jetpack_seo_html_title":"","jetpack_seo_noindex":false,"jetpack_seo_schema_type":"","_wpcom_ai_launchpad_about_page":false,"_wpcom_ai_launchpad_gallery_page":false,"_wpcom_ai_launchpad_contact_page":false,"_wpcom_ai_launchpad_events_page":false,"_wpcom_ai_launchpad_video_page":false,"_wpcom_ai_launchpad_portfolio_piece":false,"footnotes":""},"class_list":["post-10701","page","type-page","status-publish","hentry"],"jetpack_likes_enabled":true,"jetpack_sharing_enabled":true,"jetpack_shortlink":"https:\/\/wp.me\/PfoX7P-2MB","jetpack-related-posts":[],"post_mailing_queue_ids":[],"_links":{"self":[{"href":"https:\/\/afomuc.com\/en\/wp-json\/wp\/v2\/pages\/10701","targetHints":{"allow":["GET"]}}],"collection":[{"href":"https:\/\/afomuc.com\/en\/wp-json\/wp\/v2\/pages"}],"about":[{"href":"https:\/\/afomuc.com\/en\/wp-json\/wp\/v2\/types\/page"}],"author":[{"embeddable":true,"href":"https:\/\/afomuc.com\/en\/wp-json\/wp\/v2\/users\/244611430"}],"replies":[{"embeddable":true,"href":"https:\/\/afomuc.com\/en\/wp-json\/wp\/v2\/comments?post=10701"}],"version-history":[{"count":3,"href":"https:\/\/afomuc.com\/en\/wp-json\/wp\/v2\/pages\/10701\/revisions"}],"predecessor-version":[{"id":10713,"href":"https:\/\/afomuc.com\/en\/wp-json\/wp\/v2\/pages\/10701\/revisions\/10713"}],"wp:attachment":[{"href":"https:\/\/afomuc.com\/en\/wp-json\/wp\/v2\/media?parent=10701"}],"curies":[{"name":"wp","href":"https:\/\/api.w.org\/{rel}","templated":true}]}}

<div class="wp-block-media-text alignwide is-stacked-on-mobile is-vertically-aligned-top" style="grid-template-columns:32% auto"><figure class="wp-block-media-text__media"><img data-recalc-dims="1" loading="lazy" decoding="async" width="682" height="1024" data-attachment-id="10705" data-permalink="https://afomuc.com/en/liliana-mishakova/whatsapp-image-2025-11-23-at-19-03-14-1/" data-orig-file="https://i0.wp.com/afomuc.com/wp-content/uploads/2025/11/WhatsApp-Image-2025-11-23-at-19.03.14-1.jpeg?fit=1066%2C1600&amp;ssl=1" data-orig-size="1066,1600" data-comments-opened="1" data-image-meta="{&quot;aperture&quot;:&quot;0&quot;,&quot;credit&quot;:&quot;&quot;,&quot;camera&quot;:&quot;&quot;,&quot;caption&quot;:&quot;&quot;,&quot;created_timestamp&quot;:&quot;0&quot;,&quot;copyright&quot;:&quot;&quot;,&quot;focal_length&quot;:&quot;0&quot;,&quot;iso&quot;:&quot;0&quot;,&quot;shutter_speed&quot;:&quot;0&quot;,&quot;title&quot;:&quot;&quot;,&quot;orientation&quot;:&quot;0&quot;}" data-image-title="WhatsApp Image 2025-11-23 at 19.03.14 (1)" data-image-description="" data-image-caption="" data-large-file="https://i0.wp.com/afomuc.com/wp-content/uploads/2025/11/WhatsApp-Image-2025-11-23-at-19.03.14-1.jpeg?fit=682%2C1024&amp;ssl=1" src="https://i0.wp.com/afomuc.com/wp-content/uploads/2025/11/WhatsApp-Image-2025-11-23-at-19.03.14-1.jpeg?resize=682%2C1024&#038;ssl=1" alt="" class="wp-image-10705 size-full" srcset="https://i0.wp.com/afomuc.com/wp-content/uploads/2025/11/WhatsApp-Image-2025-11-23-at-19.03.14-1.jpeg?resize=682%2C1024&amp;ssl=1 682w, https://i0.wp.com/afomuc.com/wp-content/uploads/2025/11/WhatsApp-Image-2025-11-23-at-19.03.14-1.jpeg?resize=200%2C300&amp;ssl=1 200w, https://i0.wp.com/afomuc.com/wp-content/uploads/2025/11/WhatsApp-Image-2025-11-23-at-19.03.14-1.jpeg?resize=768%2C1153&amp;ssl=1 768w, https://i0.wp.com/afomuc.com/wp-content/uploads/2025/11/WhatsApp-Image-2025-11-23-at-19.03.14-1.jpeg?resize=1023%2C1536&amp;ssl=1 1023w, https://i0.wp.com/afomuc.com/wp-content/uploads/2025/11/WhatsApp-Image-2025-11-23-at-19.03.14-1.jpeg?resize=600%2C901&amp;ssl=1 600w, https://i0.wp.com/afomuc.com/wp-content/uploads/2025/11/WhatsApp-Image-2025-11-23-at-19.03.14-1.jpeg?w=1066&amp;ssl=1 1066w" sizes="auto, (max-width: 682px) 100vw, 682px" /></figure><div class="wp-block-media-text__content">
<p class="has-text-align-justify has-medium-font-size wp-block-paragraph">Nació el 6 de marzo de 2009 en la ciudad de Odessa, Ucrania, en una familia de músicos profesionales, artistas y profesores. Desde muy temprana edad, mostró un gran interés por el violín y comenzó su formación musical a los 4 años. A los 6 años, se matriculó en la reconocida escuela del profesor P. Stolyarsky, donde estudió de especialidad- violín. Durante su formación, tuvo la oportunidad de asistir a diversos masterclasses con destacados violinistas como Bron Zakhar, etc. A la edad de 9 años, Liliana continuó su educación en el Conservatorio de Alicante, España.<br>Su dedicación y talento la llevaron a convertirse en una destacada violinista, obteniendo en múltiples ocasiones los primeros y segundos premios en concursos internacionales de instrumentistas.</p>



<p class="has-text-align-justify has-medium-font-size wp-block-paragraph">Desde los 9 años, Liliana empezó a interpretar en violines primeros de la orquesta OJPA Alicante, bajo la dirección de Francisco Maestre. Ella tocó en grandes salas de Viena y Salzburgo, tales como la Sala Dorada de Musikverein, Konzerthaus, Muth y Mozarteum. En el año 2025 tuvo la oportunidad de interpretar como concertino en la plaza de ayuntamiento de Viena.</p>



<p class="has-text-align-justify has-medium-font-size wp-block-paragraph">Su pasión por la música y su compromiso con el violín la han llevado a alcanzar logros significativos en su carrera musical.</p>
</div></div>

<p>Nació el 6 de marzo de 2009 en la ciudad de Odessa, Ucrania, en una familia de músicos profesionales, artistas y profesores. Desde muy temprana edad, mostró un gran interés por el violín y comenzó su formación musical a los 4 años. A los 6 años, se matriculó en la reconocida escuela del profesor P. [&hellip;]</p>
